f 31199360?
2, 5, 29, 41
What are the prime factors of 610032740?
2, 5, 47, 648971
What are the prime factors of 16333229?
11, 107, 13877
What are the prime factors of 1399899140?
2, 5, 23, 829, 3671
List the prime factors of 37133037.
3, 43, 229, 419
List the prime factors of 162055231.
13, 149, 83663
List the prime factors of 1527569256.
2, 3, 113, 563263
What are the prime factors of 1649649923?
107, 15417289
What are the prime factors of 965591821?
965591821
List the prime factors of 59315504.
2, 47, 78877
List the prime factors of 1420277498.
2, 269, 2639921
What are the prime factors of 73415889?
3, 302123
What are the prime factors of 2623700022?
2, 3, 23, 53, 358723
What are the prime factors of 300500058?
2, 3, 17, 1609, 1831
What are the prime factors of 382662573?
3, 1999, 63809
What are the prime factors of 86182460?
2, 5, 7, 13, 47353
List the prime factors of 60413404.
2, 59, 255989
List the prime factors of 2500582469.
7, 11, 32475097
List the prime factors of 5956990973.
5956990973
List the prime factors of 1179697426.
2, 53, 83, 134087
List the prime factors of 896636638.
2, 19, 1241879
What are the prime factors of 47179729?
43, 1097203
What are the prime factors of 27593798?
2, 127, 108637
List the prime factors of 1875154685.
5, 15749, 23813
What are the prime factors of 102233035?
5, 37, 552611
What are the prime factors of 1688508793?
47, 593, 1289
What are the prime factors of 13520517?
3, 401, 11239
What are the prime factors of 598821571?
598821571
What are the prime factors of 3336347702?
2, 1668173851
List the prime factors of 1438969864.
2, 19, 1861, 5087
What are the prime factors of 376571295?
3, 5, 23, 5273
List the prime factors of 942620043.
3, 13879, 22639
What are the prime factors of 201266794?
2, 67, 719, 2089
List the prime factors of 4699727588.
2, 17, 29, 47, 50707
List the prime factors of 57299516.
2, 19, 753941
What are the prime factors of 10580869?
13, 179, 4547
What are the prime factors of 2673670975?
5, 19, 1321, 4261
What are the prime factors of 161126406?
2, 3, 7, 31, 71, 83
List the prime factors of 2392480.
2, 5, 19, 787
List the prime factors of 4265237423.
17, 547, 26981
List the prime factors of 124481275.
5, 31, 160621
What are the prime factors of 354385755?
3, 5, 41, 401, 479
What are the prime factors of 86149928?
2, 73, 147517
What are the prime factors of 94116435?
3, 5, 7, 896347
What are the prime factors of 512424317?
512424317
List the prime factors of 196129078.
2, 1697, 57787
List the prime factors of 65677081.
65677081
List the prime factors of 8805829837.
7, 31, 37, 156679
List the prime factors of 1871778293.
7, 11, 19, 182773
List the prime factors of 19252885.
5, 277, 13901
What are the prime factors of 104252630?
2, 5, 10425263
List the prime factors of 36594809.
59, 620251
List the prime factors of 48284302.
2, 11, 59, 37199
List the prime factors of 250044348.
2, 3, 1583, 13163
List the prime factors of 51940391.
1453, 35747
What are the prime factors of 20362165?
5, 4072433
What are the prime factors of 489533?
11, 191, 233
What are the prime factors of 1620246609?
3, 2153, 83617
What are the prime factors of 18790995?
3, 5, 269, 4657
List the prime factors of 2178279315.
3, 5, 257, 188351
List the prime factors of 901685970.
2, 3, 5, 367, 27299
What are the prime factors of 2201994772?
2, 550498693
What are the prime factors of 2959169237?
53233, 55589
List the prime factors of 7030203356.
2, 11, 159777349
List the prime factors of 180219931.
443, 406817
What are the prime factors of 373587994?
2, 13, 19, 756251
What are the prime factors of 3562606076?
2, 223, 3993953
What are the prime factors of 2467582695?
3, 5, 113, 127, 3821
What are the prime factors of 3139341861?
3, 19, 55076173
List the prime factors of 1022768222.
2, 7, 47, 1554359
What are the prime factors of 276075006?
2, 3, 46012501
What are the prime factors of 272381940?
2, 3, 5, 383, 439
What are the prime factors of 34256116?
2, 31, 227, 1217
What are the prime factors of 4163186?
2, 1109, 1877
What are the prime factors of 316133775?
3, 5, 1405039
List the prime factors of 444863113.
31, 251, 57173
What are the prime factors of 14821460?
2, 5, 37, 20029
What are the prime factors of 1255578512?
2, 78473657
List the prime factors of 27496086.
2, 3, 23, 199247
List the prime factors of 1507551261.
3, 23, 4591, 4759
List the prime factors of 39794405.
5, 7, 1136983
What are the prime factors of 1126150891?
97, 11609803
What are the prime factors of 39961455?
3, 5, 2664097
List the prime factors of 146031871.
139, 1019, 1031
What are the prime factors of 6738326275?
5, 163, 379, 4363
List the prime factors of 27793070.
2, 5, 547, 5081
List the prime factors of 783158486.
2, 11, 35598113
List the prime factors of 175104252.
2, 3, 1609, 3023
What are the prime factors of 18698766?
2, 3, 31, 229, 439
List the prime factors of 31061480.
2, 5, 43, 18059
List the prime factors of 72439751.
2531, 28621
What are the prime factors of 9789554?
2, 4894777
What are the prime factors of 6945286915?
5, 7, 271, 732239
What are the prime factors of 768070612?
2, 192017653
List the prime factors of 360000948.
2, 3, 30000079
List the prime factors of 281238928.
2, 17577433
What are the prime factors of 122024502?
2, 3, 47, 48079
List the prime factors of 926057115.
3, 5, 20579047
What are the prime factors of 180071714?
2, 4457, 20201
List the prime factors of 1751167355.
5, 7, 4973, 10061
List the prime factors of 7591359.
3, 29, 87257
What are the prime factors of 2645095679?
43, 1091, 56383
What are the prime factors of 35469245?
5, 7, 307, 3301
What are the prime factors of 77740559?
13, 53, 112831
What are the prime factors of 2803947197?
47, 59658451
List the prime factors of 507618405.
3, 5, 7, 71, 22697
List the prime factors of 146298837.
3, 23, 71, 29863
What are the prime factors of 1648479576?
2, 3, 73, 940913
What are the prime factors of 1019202776?
2, 787, 161881
What are the prime factors of 702296935?
5, 101, 137, 10151
What are the prime factors of 430168953?
3, 397, 361183
List the prime factors of 800651320.
2, 5, 7, 2859469
What are the prime factors of 257964610?
2, 5, 25796461
List the prime factors of 4470688892.
2, 59, 2203, 8599
List the prime factors of 62858189.
62858189
List the prime factors of 1105846.
2, 7, 78989
List the prime factors of 40972150.
2, 5, 819443
What are the prime factors of 32551455?
3, 5, 577, 3761
List the prime factors of 68861006.
2, 34430503
What are the prime factors of 4712506270?
2, 5, 229, 2057863
List the prime factors of 133334372.
2, 2203, 15131
What are the prime factors of 767308862?
2, 383654431
List the prime factors of 1745106455.
5, 67, 827, 6299
What are the prime factors of 164888249?
164888249
What are the prime factors of 166438402?
2, 13, 6401477
What are the prime factors of 1791923812?
2, 7, 109, 587131
What are the prime factors of 140617327?
4931, 28517
List the prime factors of 905508263.
11, 811, 101503
What are the prime factors of 3251254322?
2, 29, 79, 313, 2267
List the prime factors of 134038683.
3, 14893187
List the prime factors of 132163808.
2, 7, 109, 5413
List the prime factors of 93752384.
2, 11, 19, 43, 163
What are the prime factors of 330493188?
2, 3, 27541099
List the prime factors of 145546515.
3, 5, 41, 78887
List the prime factors of 9464678.
2, 97, 48787
List the prime factors of 1291134828.
2, 3, 107594569
List the prime factors of 466831713.
3, 17, 23, 397981
What are the prime factors of 196368315?
3, 5, 11, 13, 43, 2129
What are the prime factors of 2692176660?
2, 3, 5, 1867, 8011
List the prime factors of 35227956.
2, 3, 59, 49757
List the prime factors of 7769994713.
13, 597691901
What are the prime factors of 87850394?
2, 1499, 29303
What are the prime factors of 1353645128?
2, 11, 17, 23, 39341
What are the prime factors of 529914940?
2, 5, 19, 23, 60631
What are the prime factors of 1188175723?
7, 1291, 131479
What are the prime factors of 1549213055?
5, 13, 53, 449699
What are the prime factors of 294138823?
11, 97, 275669
What are the prime factors of 3840484010?
2, 5, 11, 73, 137, 3491
What are the prime factors of 18914556?
2, 3, 23, 68531
What are the prime factors of 153128325?
3, 5, 7, 137, 2129
List th